
8
What is the tens digit of 1842178594?
9
What is the millions digit of 89657573?
9
What is the millions digit of 168800879?
8
What is the ten thousands digit of 539910335?
1
What is the tens digit of 310260204?
0
What is the tens digit of 30479336?
3
What is the hundred thousands digit of 953743447?
7
What is the hundred thousands digit of 1387944389?
9
What is the units digit of 951314627?
7
What is the hundred millions digit of 861258129?
8
What is the millions digit of 358644303?
8
What is the hundreds digit of 1321814486?
4
What is the hundreds digit of 86507805?
8
What is the hundred millions digit of 159649050?
1
What is the tens digit of 55050575?
7
What is the millions digit of 15670280?
5
What is the millions digit of 190418479?
0
What is the hundred millions digit of 2385850658?
3
What is the ten millions digit of 60206296?
6
What is the ten thousands digit of 56457650?
5
What is the ten thousands digit of 520236598?
3
What is the hundred millions digit of 355443140?
3
What is the thousands digit of 32174085?
4
What is the hundred millions digit of 117410212?
1
What is the tens digit of 108576573?
7
What is the tens digit of 48560063?
6
What is the tens digit of 4480912864?
6
What is the units digit of 347135437?
7
What is the hundred millions digit of 681307123?
6
What is the billions digit of 2804134195?
2
What is the ten millions digit of 15003762?
1
What is the millions digit of 182848715?
2
What is the hundreds digit of 955112344?
3
What is the tens digit of 2469936053?
5
What is the ten thousands digit of 224650009?
5
What is the ten millions digit of 3891296988?
9
What is the hundred millions digit of 574729561?
5
What is the hundreds digit of 1855612752?
7
What is the millions digit of 1711833243?
1
What is the tens digit of 25441773?
7
What is the ten thousands digit of 417684011?
8
What is the hundred thousands digit of 1151575103?
5
What is the thousands digit of 578914634?
4
What is the hundred thousands digit of 239704453?
7
What is the thousands digit of 89018961?
8
What is the thousands digit of 432290388?
0
What is the millions digit of 610484289?
0
What is the hundreds digit of 105584144?
1
What is the thousands digit of 323848348?
8
What is the hundred millions digit of 1077029670?
0
What is the millions digit of 1545239689?
5
What is the hundreds digit of 2142112642?
6
What is the hundred thousands digit of 483057383?
0
What is the millions digit of 207637963?
7
What is the units digit of 61570799?
9
What is the ten thousands digit of 56386184?
8
What is the thousands digit of 705720042?
0
What is the millions digit of 759793649?
9
What is the units digit of 28382778?
8
What is the millions digit of 572416992?
2
What is the millions digit of 840619462?
0
What is the ten millions digit of 11776973?
1
What is the millions digit of 2283017134?
3
What is the ten thousands digit of 543855632?
5
What is the tens digit of 22138975?
7
What is the units digit of 97842432?
2
What is the hundreds digit of 77067283?
2
What is the ten millions digit of 980618830?
8
What is the units digit of 14207269?
9
What is the ten millions digit of 230071698?
3
What is the thousands digit of 181190322?
0
What is the thousands digit of 127728225?
8
What is the tens digit of 166444593?
9
What is the ten thousands digit of 70923023?
2
What is the hundreds digit of 1075955717?
7
What is the tens digit of 10963462?
6
What is the units digit of 405012765?
5
What is the ten millions digit of 2941672413?
4
What is the units digit of 42212419?
9
What is the hundred thousands digit of 1910020493?
0
What is the ten millions digit of 11191860?
1
What is the thousands digit of 2592422926?
2
What is the thousands digit of 2690056217?
6
What is the hundred thousands digit of 43166240?
1
What is the hundred thousands digit of 873654814?
6
What is the thousands digit of 2282902801?
2
What is the millions digit of 91482738?
1
What is the hundreds digit of 2735884410?
4
What is the millions digit of 86885896?
6
What is the tens digit of 14900842?
4
What is the thousands digit of 820837629?
7
What is the millions digit of 7564301123?
4
What is the ten millions digit of 320493497?
2
What is the millions digit of 2780303027?
0
What is the ten thousands digit of 584833420?
3
What is the ten millions digit of 167303511?
6
What is the thousands digit of 1338445090?
5
What is the millions digit of 1050378388?
0
What is the billions digit of 5808654955?
5
What is the units digit of 3408640?
0
What is the ten thousands digit of 1621860012?
6
What is the hundred millions digit of 1072599569?
0
What is the ten thousands digit of 3429599?
2
What is the units digit of 4014029619?
9
What is the thousands digit of 101082546?
2
What is the units digit of 537228169?
9
What is the millions digit of 47612178?
7
What is the ten thousands digit of 110742881?
4
What is the hundred thousands digit of 2051542696?
5
What is the hundreds digit of 250776427?
4
What is the hundred millions digit of 107467623?
1
What is the ten thousands digit of 3946837929?
3
What is the ten thousands digit of 1123101157?
0
What is the tens digit of 2649617505?
0
What is the hundreds digit of 321349925?
9
What is the hundred thousands digit of 104196556?
1
What is the hundreds digit of 66670263?
2
What is the hundred millions digit of 6535433323?
5
What is the hundreds digit of 132453521?
5
What is the ten millions digit of 3204112252?
0
What is the tens digit of 64352817?
1
What is the billions digit of 1053872077?
1
What is the hundred millions digit of 197088852?
1
What is the ten millions digit of 4739168425?
3
What is the ten millions digit of 1158073697?
5
What is the ten thousands digit of 324225170?
2
What is the hundred thousands digit of 2153600795?
6
What is the hundred millions digit of 722829210?
7
What is the units digit of 1538368349?
9
What is the thousands digit of 114694541?
4
What is the thousands digit of 544913948?
3
What is the tens digit of 2736880320?
2
What is the ten millions digit of 286443739?
8
What is the millions digit of 5876575147?
6
What is the thousands digit of 56448344?
8
What is the hundreds digit of 35475187?
1
What is the ten thousands digit of 691122?
9
What is the thousands digit of 504521624?
1
What is the tens digit of 160039121?
2
What is the ten millions digit of 31726968?
3
What is the hundreds digit of 102127686?
6
What is the ten thousands digit of 463791946?
9
What is the millions digit of 88674606?
8
What is the hundred thousands digit of 157448285?
4
What is the tens digit of 8536261?
6
What is the units digit of 2274477867?
7
What is the tens digit of 643010132?
3
What is the tens digit of 397231975?
7
What is the hundreds digit of 221382984?
9
What is the hundreds digit of 8476951651?
6
What is the thousands digit of 194148524?
8
What is the tens digit of 608970290?
9
What is the millions digit of 282233221?
2
What is the hundred thousands digit of 1476711545?
7
What is the thousands digit of 69846626?
6
What is the ten millions digit of 406423786?
0
What is the hundred millions digit of 1440817820?
4
What is the ten millions digit of 341641874?
4
What is the tens digit of 1864304?
0
What is the hundred thousands digit of 1126415146?
4
What is the ten millions digit of 24262602?
2
What is the millions digit of 18225109?
8
What is the tens digit of 123282781?
8
What is the hundred millions digit of 1201618115?
2
What is the hundreds digit of 564783584?
5
What is the units digit of 45668592?
2
What is the hundreds digit of 664108934?
9
What is the hundreds digit of 7330106829?
8
What is the hundred thousands digit of 421736188?
7
What is the units digit of 301401452?
2
What is the units digit of 77587265?
5
What is the hundreds digit of 346158365?
3
What is the tens digit of 965814436?
3
What is the hundreds digit of 232122702?
7
What is the hundreds digit of 117212561?
5
What is the tens digit of 270540347?
4
What is the thousands digit of 381968852?
8
What is the hundreds digit of 161825222?
2
What is the millions digit of 985317809?
5
What is the millions digit of 992259714?
2
What is the ten millions digit of 1577589948?
7
What is the tens digit of 71031839?
3
What is the millions digit of 10222884?
0
What is the units digit of 286669998?
8